1
What is the highest common divisor of 893 and 141?
47
Calculate the greatest common divisor of 3283 and 98.
49
Calculate the greatest common divisor of 111 and 1029.
3
What is the highest common divisor of 13 and 533?
13
Calculate the highest common divisor of 24 and 176.
8
Calculate the highest common divisor of 198 and 3498.
66
What is the greatest common factor of 64 and 224?
32
What is the highest common factor of 786 and 4?
2
What is the highest common factor of 36 and 423?
9
Calculate the greatest common factor of 81 and 162.
81
What is the highest common factor of 34 and 1088?
34
Calculate the greatest common factor of 61 and 13420.
61
Calculate the highest common divisor of 300 and 375.
75
What is the highest common factor of 77 and 8?
1
Calculate the greatest common factor of 18961 and 201.
67
What is the highest common factor of 280 and 268?
4
What is the highest common divisor of 843 and 3?
3
What is the highest common factor of 462 and 264?
66
What is the highest common factor of 23 and 161?
23
Calculate the greatest common divisor of 270 and 1026.
54
What is the highest common divisor of 42 and 2688?
42
What is the highest common divisor of 2688 and 42?
42
What is the highest common divisor of 5247 and 117?
9
Calculate the greatest common factor of 441 and 49.
49
What is the highest common factor of 336 and 3192?
168
What is the highest common factor of 72 and 120?
24
Calculate the highest common factor of 50 and 960.
10
What is the greatest common factor of 942 and 25120?
314
What is the highest common divisor of 287 and 41?
41
Calculate the highest common divisor of 36963 and 27.
27
Calculate the highest common factor of 712 and 8.
8
Calculate the greatest common divisor of 132 and 165.
33
Calculate the highest common divisor of 104 and 676.
52
What is the highest common factor of 1024 and 8?
8
Calculate the greatest common factor of 250 and 8.
2
Calculate the greatest common factor of 22 and 583.
11
Calculate the greatest common divisor of 20898 and 86.
86
What is the highest common factor of 198 and 44?
22
Calculate the highest common factor of 1105 and 5304.
221
Calculate the greatest common factor of 436 and 105076.
436
Calculate the greatest common factor of 2 and 9.
1
Calculate the greatest common factor of 208 and 1508.
52
Calculate the greatest common divisor of 55 and 4180.
55
What is the greatest common factor of 209 and 9196?
209
What is the greatest common divisor of 20 and 65?
5
Calculate the highest common divisor of 15 and 75.
15
What is the greatest common divisor of 1092 and 2496?
156
Calculate the highest common divisor of 3179 and 22.
11
What is the greatest common divisor of 2 and 5?
1
What is the greatest common factor of 96 and 448?
32
What is the highest common factor of 5508 and 84?
12
Calculate the greatest common factor of 1050 and 70.
70
What is the highest common divisor of 650 and 225?
25
Calculate the greatest common divisor of 236 and 3186.
118
What is the highest common factor of 5565 and 175?
35
What is the greatest common divisor of 10 and 60?
10
What is the highest common factor of 55 and 9295?
55
Calculate the highest common divisor of 2125 and 340.
85
What is the greatest common divisor of 1554 and 10212?
222
What is the greatest common divisor of 82 and 3362?
82
Calculate the greatest common divisor of 729 and 54.
27
Calculate the highest common divisor of 224 and 64.
32
What is the greatest common divisor of 376 and 47?
47
What is the greatest common factor of 822 and 6?
6
What is the greatest common factor of 105 and 3345?
15
What is the highest common divisor of 4961 and 363?
121
Calculate the highest common factor of 186 and 62.
62
What is the highest common factor of 357 and 84?
21
Calculate the highest common factor of 368 and 1380.
92
Calculate the greatest common factor of 144 and 1926.
18
What is the highest common factor of 864 and 270?
54
Calculate the highest common divisor of 28476 and 27.
9
Calculate the highest common factor of 108 and 54.
54
Calculate the greatest common divisor of 315 and 140.
35
What is the highest common factor of 905 and 5?
5
What is the greatest common divisor of 147 and 1323?
147
Calculate the greatest common divisor of 76 and 418.
38
Calculate the highest common factor of 1152 and 304.
16
Calculate the greatest common factor of 306 and 34.
34
Calculate the greatest common divisor of 2439 and 9.
9
Calculate the highest common factor of 7 and 1.
1
Calculate the highest common factor of 954 and 306.
18
What is the greatest common divisor of 12464 and 123?
41
Calculate the highest common divisor of 36 and 306.
18
Calculate the greatest common divisor of 3 and 3291.
3
What is the greatest common divisor of 110 and 2134?
22
Calculate the highest common divisor of 144 and 256.
16
Calculate the highest common divisor of 3010 and 1890.
70
What is the greatest common factor of 10 and 17650?
10
What is the greatest common divisor of 120 and 138?
6
What is the greatest common divisor of 2117 and 803?
73
What is the greatest common factor of 713 and 276?
23
What is the highest common divisor of 1809 and 27?
27
What is the greatest common divisor of 351 and 6?
3
Calculate the greatest common factor of 200 and 1660.
20
Calculate the highest common divisor of 5952 and 480.
96
What is the highest common factor of 1512 and 48?
24
What is the greatest common factor of 8 and 88?
8
Calculate the greatest common divisor of 70 and 380.
10
What is the greatest common divisor of 32208 and 88?
88
Calculate the highest common factor of 14098 and 532.
266
Calculate the highest common factor of 14 and 252.
14
What is the highest common factor of 9 and 171?
9
Calculate the greatest common divisor of 1598 and 68.
34
Calculate the greatest common divisor of 34 and 629.
17
What is the highest common factor of 120 and 192?
24
Calculate the highest common factor of 85 and 4505.
85
Calculate the highest common divisor of 1 and 79.
1
What is the greatest common factor of 460 and 828?
92
What is the highest common factor of 1170 and 1530?
90
What is the highest common divisor of 15 and 35?
5
What is the greatest common factor of 109 and 2725?
109
What is the highest common divisor of 76 and 5548?
76
Calculate the highest common divisor of 1606 and 110.
22
Calculate the greatest common factor of 1804 and 1476.
164
Calculate the highest common divisor of 4 and 692.
4
What is the highest common factor of 85 and 1360?
85
Calculate the highest common factor of 27 and 2655.
9
Calculate the greatest common divisor of 170 and 740.
10
Calculate the highest common divisor of 9 and 1593.
9
Calculate the highest common divisor of 392 and 756.
28
What is the greatest common divisor of 28 and 322?
14
What is the greatest common divisor of 655 and 1179?
131
What is the greatest common divisor of 244 and 16?
4
What is the highest common factor of 240 and 48?
48
Calculate the highest common factor of 165 and 99.
33
What is the highest common divisor of 923 and 143?
13
What is the highest common divisor of 76 and 684?
76
Calculate the highest common factor of 1 and 157.
1
What is the greatest common divisor of 1554 and 6?
6
Calculate the greatest common divisor of 12 and 92.
4
What is the greatest common divisor of 6240 and 384?
96
Calculate the highest common divisor of 30 and 75.
15
What is the greatest common factor of 264 and 638?
22
Calculate the greatest common factor of 7 and 27.
1
What is the greatest common factor of 1000 and 7400?
200
Calculate the highest common factor of 119 and 161.
7
Calculate the highest common divisor of 196 and 1666.
98
Calculate the greatest common divisor of 1883 and 7.
7
Calculate the greatest common factor of 110 and 1250.
10
Calculate the greatest common divisor of 629 and 34.
17
What is the greatest common factor of 55 and 22?
11
Calculate the greatest common factor of 81 and 252.
9
Calculate the greatest common divisor of 12665 and 17.
17
What is the highest common factor of 2890 and 10?
10
What is the highest common divisor of 1060 and 15?
5
Calculate the highest common divisor of 29 and 3973.
29
Calculate the highest common divisor of 50 and 100.
50
Calculate the greatest common divisor of 441 and 9.
9
What is the highest common divisor of 1978 and 138?
46
W